 a.
3, 7
Let w = 15 - 14. What are the prime factors of (-24)/w*(-18)/24?
2, 3
Let v = -1106 + 1618. List the prime factors of v.
2
Let m(w) = w**3 + 6*w**2 + 4*w + 16. Let l be m(-6). List the prime factors of -4 + 92/l*(-15 - -3).
2, 67
Suppose -3*h + 15 = 6. Suppose 2*a - 232 = -2*f, 2*a - 282 = -h*f - 45. What are the prime factors of a?
3, 37
Suppose -11 = r - 2*v + v, 3*v + 72 = -4*r. What are the prime factors of 8/10 + (-573)/r?
3, 13
Let m(g) = g + 4. Suppose -4*s + 27 = -h, -9 = -3*s - 5*h + 2*h. Suppose 15*r - s = 14*r. What are the prime factors of m(r)?
2, 5
Let o be (0 - 3)/((-12)/28). Suppose -6*l + o*l - 13 = 0. Let s = l + -8. List the prime factors of s.
5
Suppose 2*h + 5*z - z + 6 = 0, 4*h + z = 9. Let v(l) = 3 + 2*l - 11*l**2 - l**h - 3*l - 9*l. List the prime factors of v(-10).
3
Let l = -165 - -444. List the prime factors of l.
3, 31
Suppose 13*d - 2831 = -114. List the prime factors of d.
11, 19
Let p(l) = -l**2 - 14*l + 32. Let h(i) = 3*i**2 + 43*i - 96. Let t(o) = 4*h(o) + 11*p(o). What are the prime factors of t(-20)?
2
Suppose -13*j + 24325 = -1077. List the prime factors of j.
2, 977
Suppose 5*o + 5*h = 3585, 6*h = -3*o + h + 2141. List the prime factors of o.
2, 19
Let v = -633 - -1429. List the prime factors of v.
2, 199
Let f = 977 - 564. List the prime factors of f.
7, 59
Let n(q) = -q + 1. Let m be n(-3). Let l be 134/(-4) - (-6)/m. Let x = l + 55. List the prime factors of x.
23
List the prime factors of ((-6)/(-4))/((18/884)/3).
13, 17
Let m be (8/6)/(6/36). Let o(s) = -s**3 + 9*s**2 + 12*s - 40. What are the prime factors of o(m)?
2, 3, 5
Suppose -2*p + 463 = -p. Let m = p - 164. List the prime factors of m.
13, 23
Let a(u) = -3*u**3 - 39*u**2 - 62*u - 27. Let w(c) = c**3 + 13*c**2 + 21*c + 9. Let d(y) = 6*a(y) + 17*w(y). What are the prime factors of d(-12)?
3
Suppose w = 179 - 53. Suppose w = d + 7. List the prime factors of d.
7, 17
Let o(h) = 2*h**3 - h**2 - 3*h - 3. Let c be o(-2). Let j = -13 - c. Suppose 0 = -5*f - 3*a + 249, -3*a - 13 = j*f - 214. What are the prime factors of f?
2, 3
Suppose -11 = -3*j + a + 4, 4*j + 4*a = 36. Suppose 3*t = -4*z + 178, -4*t = -3*z + j*z - 130. List the prime factors of z.
2, 23
Suppose 2*l = -r - 1, 5*l - 4*l - 2*r = -8. Let d be -12*l*4/(-12). Let t = 29 + d. List the prime factors of t.
3, 7
Suppose 4*r + 0*y = -y + 28, -2*r = -2*y - 14. Suppose -33 = -r*v + 30. What are the prime factors of v?
3
Suppose 7531 - 1402 = 9*i. List the prime factors of i.
3, 227
Suppose 64 = 4*b - 3*u, -5*u - 30 = -2*b - 3*u. Let s = 12 - b. Let l(w) = -5*w - 8. What are the prime factors of l(s)?
3
Suppose -2*h + 9*h = 1337. List the prime factors of h.
191
Suppose a = 3*u - 6245, 10420 = 5*u - 0*u - 4*a. List the prime factors of (1/2)/(20/u).
2, 13
Let b(a) = 2*a - 7. Let x be b(5). Let h = -2 + x. List the prime factors of (1 + h)*1/1.
2
Let z be ((-8)/10)/((-36)/90). Suppose -4*x + 428 = -z*x. Suppose -m - 5 = 0, 3*g + 2*m - x = m. What are the prime factors of g?
73
Suppose -29*k + u = -31*k + 820, 0 = -5*k - 4*u + 2047. List the prime factors of k.
3, 137
Suppose 7*x - 2*x - 1190 = 0. What are the prime factors of x?
2, 7, 17
Suppose -w = -7*w + 36. Let k(x) = -x**3 + 7*x**2 + 5*x + 7. What are the prime factors of k(w)?
73
Let c = 9 + -6. Suppose k = r + 1, 2*r - c*k + 2 = 1. What are the prime factors of 1*12 - (-4)/r?
2, 5
Suppose 0 = -2*w + 5*w. Suppose d + y - 106 = w, 4*d - 436 = 2*y - 0*y. List the prime factors of d.
2, 3
Let y(n) = -2*n + 24. Let v be (-10)/(-3)*(-6)/(-2). List the prime factors of y(v).
2
Let a = 18 + -16. Suppose y + 0*y - a = 0. Suppose 0 = y*x + 8 - 82. List the prime factors of x.
37
Let o(z) = 46*z - 203. What are the prime factors of o(49)?
7, 293
Let f(r) = r + 15. Suppose 2 = n - 3. Suppose u = 6 + n. List the prime factors of f(u).
2, 13
Suppose -22 + 14 = -2*m. Let w be -1 + 6 - 4/m. What are the prime factors of w - (0 - 213/3)?
3, 5
Let r(z) = -z**3 + 2*z**2 - 4*z + 4. Let t = -12 + 15. Let v be r(t). Let m = 34 + v. What are the prime factors of m?
17
Let h = 887 - 648. What are the prime factors of h?
239
Let i(w) = 662*w - 331*w - 328*w. Suppose -6*n = -2*n - 24. List the prime factors of i(n).
2, 3
Let o(f) = 12*f + 1. Let i(z) be the first derivative of 6*z**2 + z + 7. Let a(k) = 2*i(k) - 3*o(k). List the prime factors of a(-3).
5, 7
Suppose 3*n + 2*a = 8*n - 93, 3*n - 3*a = 54. Let r = 21 - n. Suppose 3*c - 96 = -3*j, 68 = r*j - c - c. What are the prime factors of j?
3, 11
Suppose -41 + 31 = -5*v. List the prime factors of 52 - ((v - 3) + 2).
3, 17
Let a(h) = h**3 + 4*h**2 - 11*h + 11. Let x(p) = -5*p**3 - 15*p**2 + 43*p - 45. Let w(g) = -9*a(g) - 2*x(g). What are the prime factors of w(8)?
223
Let w(u) = u + 10. Suppose -27 - 13 = 5*j. Let p be w(j). What are the prime factors of (-14 + -1)*p/(-2)?
3, 5
Let w be (-7)/(-35) - 178/(-10). Suppose -2*o + w = -3*o. Let s = -1 - o. List the prime factors of s.
17
Let z(h) = h**2 - 12*h + 2. Let f be z(12). Suppose -4*q = -18 + f. Suppose x + 7 = 2*g - 32, 4*g - 80 = q*x. List the prime factors of g.
19
Suppose -4*x + 459 + 398 = 3*f, 4*f = 4*x - 892. What are the prime factors of x?
2, 109
Let p = 467 + -186. What are the prime factors of p?
281
Suppose 0 = o - 0*o - 102. Suppose -4*r = -2 - o. Suppose -2*p + r = -2. List the prime factors of p.
2, 7
Suppose -k = 5*q - 394 - 126, -520 = -k + 5*q. List the prime factors of k.
2, 5, 13
List the prime factors of (-35408)/(-80) - (-4)/10.
443
Let t = -5 - -11. Let k be (-52)/14 - t/21. Let p(i) = -8*i - 13. What are the prime factors of p(k)?
19
Let u(p) = 2*p**2 - 41*p - 46. Let z be u(22). Suppose 0 = s - 0 + 11. Let j = z - s. What are the prime factors of j?
31
Let r be (3 - -1)*(-5)/(-4). Suppose 0 = -i + 2*w + 12 + 10, -r*w = 5*i - 35. List the prime factors of i.
2, 3
Let d(n) = 8*n**2 - 17*n + 2. Let m(o) = 4*o**2 - 9*o + 1. Let j(b) = 6*d(b) - 11*m(b). Let i = 22 - 20. List the prime factors of j(i).
11
Suppose -2*q + 160 = -0*u + 3*u, -2*q + 260 = 5*u. Let k(j) = -15*j - 1. Let m be k(1). Let n = u + m. What are the prime factors of n?
2, 17
Suppose -402*q - 3200 = -407*q. What are the prime factors of q?
2, 5
Suppose -4*s + 2*k + 68 = -24, 3*k - 102 = -4*s. Suppose s = -q + 67. What are the prime factors of q?
43
Let b = -190 - -398. Suppose 0 = -4*k + 3*f + 208, -2*f - b = -4*k - 3*f. List the prime factors of k.
2, 13
Let i = 125 - -133. Suppose 0 = -2*z + 4*u + i, -3*z + u + 486 = 74. List the prime factors of z.
139
Suppose 9048 = 12*d + 12*d. What are the prime factors of d?
13, 29
Suppose 4*r + 105 = -i, -5*r - 55 = -2*r - 4*i. List the prime factors of 10/(-3)*81*10/r.
2, 3
Let i = 13 + -15. List the prime factors of 0 - 2/i*50.
2, 5
Let w(x) = x - 1. Let u be w(-4). Let p = 21 + u. Let v = 39 - p. List the prime factors of v.
23
Let u(h) = -13*h**3 + 6*h**2 + 22*h - 10. List the prime factors of u(-4).
2, 5, 83
Let y be 1 + 7/((-14)/(-96)). Let h be (y/4)/(5/20). Suppose 0 = -2*x - 11 + h. What are the prime factors of x?
19
Suppose 234 = 10*k - 13*k. Let o be 25/(2 - 5/2). Let b = o - k. List the prime factors of b.
2, 7
Let j = 13722 - 9204. What are the prime factors of j?
2, 3, 251
Suppose -3*b + 4*c + 487 = 0, 3*b - 4*c = -c + 486. Suppose -2*a + 304 = -x, a + 0*a = 5*x + b. What are the prime factors of a?
151
Suppose 42*m = 46*m - 324. Suppose -t + 7 = -m. List the prime factors of t.
2, 11
Suppose p = -4*h + 5678, -2*p - 2349 = -2*h + 485. List the prime factors of h.
3, 11, 43
Let v be 53 - (-4 + 1 - -1). Suppose -f - z = -v, 5*f + 4*z - 8*z - 311 = 0. List the prime factors of f.
59
Let y be 18/48 - 650/(-16). Suppose y - 413 = -2*g. List the prime factors of g.
2, 3, 31
Suppose -k - 4*o - 18280 = -6*k, -3680 = -k - 4*o. What are the prime factors of k?
2, 3, 5, 61
Let s(m) = m**2 + 3*m - 7. Let y be (-2)/5 + (-207)/45. Let c be s(y). Suppose 0 = -c*r + 2*r + 32. List the prime factors of r.
2
List the prime factors of 150/(-350) + 2250/7.
3, 107
Suppose 83*h - 87*h + 3884 = 0. What are the prime factors of h?
971
What are the prime factors of ((-664)/(-5))/((-120)/(-600))?
2, 83
Let j = -53 - -101. Suppose -2*u = 4*u + j. Let p = 54 - u. List the prime factors of p.
2, 31
Let w be -3 + (8 + -4 - -1). Suppos